u(-5).
24
Let a(p) = -11*p + 4. Calculate a(1).
-7
Let u(w) = -3*w - 6. What is u(-2)?
0
Let c(t) = 5*t - 12. What is c(3)?
3
Let k(z) = -2*z**3 - 7*z**2 - 3*z - 2. Give k(-3).
-2
Let q(h) = 2*h**2 + 15*h + 9. What is q(-8)?
17
Let y(w) = w**3 - 22*w**2 - 167*w - 34. Determine y(28).
-6
Let f(b) = -b**3 - 13*b**2 + 15*b + 17. What is f(-14)?
3
Let g(d) = 7*d**3 - 18*d**2 + 8*d + 1. Determine g(1).
-2
Let j(r) = -r**3 + 20*r**2 - 41*r + 90. Calculate j(18).
0
Let x(l) = l**3 - 3*l**2 - 7*l + 2. Determine x(6).
68
Let m(h) = -6*h + 10. What is m(-5)?
40
Let h(b) = b**3 + b**2 + 3*b + 2. Determine h(-2).
-8
Let l(p) = p**3 - 2*p**2 - 46*p + 8. Determine l(-6).
-4
Let p(m) = m**2 - 10*m - 11. Give p(8).
-27
Let k(d) = d**3 - d**2 - d + 37. Give k(0).
37
Let j(u) = -5*u - 3. Determine j(-5).
22
Let n(v) = 11*v - 21. What is n(-4)?
-65
Let j(y) = 9*y**3 - y**2 - y - 1. What is j(-1)?
-10
Let u(b) = b**3 - 3*b**2 - 5*b + 5. What is u(4)?
1
Let u(j) = -2*j**2 - 11*j + 25. Give u(2).
-5
Let l(h) = 4*h - 54. Calculate l(12).
-6
Let p(o) = -7*o + 34. Calculate p(14).
-64
Let t(u) = -34*u - 98. Calculate t(-4).
38
Let y(p) = -p - 54. What is y(-16)?
-38
Let m(h) = -h**3 - 2*h - 12. What is m(0)?
-12
Let l(a) = -4*a**3 - 6*a - 3. Calculate l(-2).
41
Let b(s) = 28*s - 2. Calculate b(-1).
-30
Let g(h) = h**2 - 10*h + 9. What is g(6)?
-15
Let s(z) = 5*z - 309. Determine s(63).
6
Let b(h) = -2*h + 21. What is b(17)?
-13
Let w(y) = -y**3 + 2*y**2 + y + 3. Determine w(3).
-3
Let m(u) = -u**3 + 6*u**2 + 8*u + 2. Give m(7).
9
Let s(d) = -d**3 + 7*d**2 - 4*d - 1. What is s(5)?
29
Let v(b) = -b**3 - 9*b**2 + 5*b - 4. What is v(-10)?
46
Let k(c) = -6*c - 31. Give k(-20).
89
Let o(r) = -2*r**2 - 22*r - 50. Give o(-6).
10
Let t(l) = l**3 - 15*l**2 + 15*l - 8. What is t(14)?
6
Let a(w) = -w**3 - 4*w**2 - 2. What is a(-3)?
-11
Let n(m) = -3*m**2 - 8*m - 10. Give n(-4).
-26
Let x(j) = j**2 + 10*j + 7. Give x(-6).
-17
Let q(a) = a**2 + 8*a - 8. What is q(-9)?
1
Let j(d) = 10*d - 135. Give j(13).
-5
Let r(l) = l**2 + 2*l + 1. What is r(6)?
49
Let a(k) = k**3 + k**2 - 2*k - 17. Calculate a(0).
-17
Let w(t) = 7*t - 21. Determine w(10).
49
Let f(l) = l**2 - 14*l + 17. Calculate f(13).
4
Let s(t) = t**3 + 15*t**2 - 14*t + 30. What is s(-16)?
-2
Let m(k) = -k**2 + 20*k - 6. Determine m(22).
-50
Let o(b) = b - 25. What is o(18)?
-7
Let c(n) = n**3 + 2*n**2 - 2*n. Give c(1).
1
Let f(p) = p**3 + 12*p**2 + 7*p + 29. Calculate f(-12).
-55
Let w(v) = 2*v**2 + 9*v + 2. Give w(-4).
-2
Let y(r) = -4*r**2 + 9*r - 39. What is y(3)?
-48
Let m(w) = 2*w**2 - 4*w + 7. What is m(3)?
13
Let k(b) = 2*b - 10. Give k(6).
2
Let j(r) = r**3 + 11*r**2 - 15*r - 29. What is j(-12)?
7
Let s(b) = b**3 - 12*b**2 + 11*b - 134. What is s(12)?
-2
Let g(d) = d**2 + 20*d + 44. Calculate g(-17).
-7
Let m(h) = -h - 12. What is m(-23)?
11
Let y(m) = m**2 - 3*m + 4. Calculate y(6).
22
Let i(l) = -l**2 + 6*l + 31. What is i(9)?
4
Let g(z) = -z**3 - 17*z**2 - 5*z + 7. Calculate g(-17).
92
Let z(p) = -p**2 + 11*p - 8. What is z(10)?
2
Let g(c) = -3*c**3 + c**2 + 2*c + 4. Calculate g(3).
-62
Let b(x) = -x**3 - 13*x**2 + 13*x - 6. Calculate b(-14).
8
Let o(k) = 3*k - 30. Give o(8).
-6
Let n(q) = 13*q**2 - 4*q + 3. What is n(2)?
47
Let p(d) = -8*d**2 + 12*d + 2. Give p(2).
-6
Let j(d) = d**2 - 13*d - 5. Calculate j(10).
-35
Let t(c) = 4*c - 31. Calculate t(-3).
-43
Let h(x) = -7*x - 30. What is h(-4)?
-2
Let a(d) = 2*d**3 - 8*d**2 + 7*d - 82. Determine a(5).
3
Let u(i) = -i**3 - 28*i**2 - 133*i. Calculate u(-22).
22
Let h(l) = -l**3 + 11*l**2 - l + 12. Give h(11).
1
Let f(l) = l**2 - 15*l - 39. Determine f(18).
15
Let s(w) = w**3 + w**2 - 127. Give s(0).
-127
Let y(b) = 6*b - 6. Determine y(2).
6
Let b(x) = x**2 - x. Determine b(-2).
6
Let d(g) = -g**2 - 13*g + 24. Calculate d(-9).
60
Let v(a) = -7*a - 72. Give v(-7).
-23
Let u(p) = p**2 + 7*p - 4. Give u(-8).
4
Let j(q) = q**3 + 11*q**2 - 17*q - 20. Determine j(-12).
40
Let n(p) = 59*p + 228. Calculate n(-4).
-8
Let k(d) = d + 17. Calculate k(-8).
9
Let a(r) = r**2 + 5*r + 1. What is a(-5)?
1
Let s(v) = 8*v**2 + 8*v + 1. Calculate s(-3).
49
Let n(x) = -x**2 + 15*x + 48. What is n(17)?
14
Let x(y) = -2*y**2 + 11*y - 24. Determine x(7).
-45
Let y(i) = -i**2 + 25*i - 94. Calculate y(21).
-10
Let w(n) = n**2 + 6*n + 1. Give w(-6).
1
Let s(m) = 3*m**2 + 3*m - 3. Calculate s(1).
3
Let v(s) = 2*s**2 + 9*s + 5. Calculate v(-3).
-4
Let c(f) = f**3 - 15*f**2 + 26*f + 19. Determine c(13).
19
Let h(g) = -g**3 + 22*g**2 - 40*g + 2. Calculate h(20).
2
Let u(i) = -i - 24. What is u(15)?
-39
Let y(k) = 12*k + 49. Give y(-3).
13
Let d(m) = 6*m + 6. What is d(3)?
24
Let n(m) = -8*m + 34. Give n(5).
-6
Let i(n) = n**3 - 19*n**2 + 3*n - 51. Give i(19).
6
Let f(c) = 2*c**3 + 2*c - 2. What is f(0)?
-2
Let w(c) = -3*c**2 - 16*c + 7. What is w(-5)?
12
Let o(l) = l - 10. What is o(-12)?
-22
Let d(b) = -2*b**2 + 10*b + 6. Calculate d(5).
6
Let z(o) = o**3 - 10*o**2 + 8*o + 12. Give z(9).
3
Let g(s) = 14*s - 133. Give g(9).
-7
Let b(s) = -4*s**2 + 8*s + 9. Calculate b(3).
-3
Let y(d) = -d**3 - 5*d**2 + 3*d - 6. Give y(-5).
-21
Let x(m) = -m**3 - 5*m**2 + 10*m + 59. Calculate x(-5).
9
Let o(b) = b**3 - 16*b**2 + 18. Determine o(16).
18
Let y(v) = 2*v**3 - 7*v**2 + v - 4. What is y(5)?
76
Let h(f) = f**2 + 5*f - 1. Determine h(-3).
-7
Let d(p) = -p**2 + 19*p + 385. Calculate d(31).
13
Let u(s) = -s**3 - 14*s**2 - 2*s - 18. Calculate u(-14).
10
Let o(u) = u**2 + 11*u - 2. Calculate o(-11).
-2
Let n(i) = 2*i**3 - 81*i**2 + 39*i + 45. What is n(40)?
5
Let a(f) = -277*f + 557. Calculate a(2).
3
Let w(t) = 5*t**3 - t**2 - 2*t + 2. What is w(1)?
4
Let i(v) = v**3 - v**2 - 5*v - 3. Give i(-4).
-63
Let m(d) = 21*d**3 - 1. Determine m(1).
20
Let g(h) = -h**3 - 10*h**2 + 2*h + 21. Determine g(-10).
1
Let g(b) = b**2 - 21*b - 438. Determine g(34).
4
Let i(t) = 2*t**3 - 10*t**2 - 3*t + 9. Give i(5).
-6
Let b(n) = n**2 + 49*n + 254. Determine b(-6).
-4
Let h(i) = -73*i + 439. Determine h(6).
1
Let x(b) = 3*b**2 - 1. Give x(-2).
11
Let y(v) = -v**2 - 10*v + 24. What is y(-10)?
24
Let a(r) = -r**3 - 3*r**2 + r + 4. Give a(-3).
1
Let v(s) = s**3 - 11*s**2 + 15*s - 11. Give v(6).
-101
Let h(z) = z**2 - 10*z - 10. What is h(11)?
1
Let v(u) = 15*u + 3. What is v(0)?
3
Let n(b) = 67*b + 1414. What is n(-21)?
7
Let b(k) = -k**2 - k - 27. Calculate b(0).
-27
Let d(h) = h**2 - 8*h + 31. Determine d(8).
31
Let v(i) = -22*i + 116. What is v(5)?
6
Let c(o) = o**2 + 35*o + 106. Determine c(-32).
10
Let z(m) = -m**3 - 2*m**2 + 31*m + 66. What is z(-6)?
24
Let x(k) = -13*k - 9. What is x(-2)?
17
Let i(w) = -40*w + 19. What is i(-2)?
99
Let d(l) = -l**3 + 11*l**2 - 7*l + 14. Calculate d(10).
44
Let w(g) = -g**3 + 5. Give w(-2).
13
Let w(a) = -a**2 - 18. Determine w(0).
-18
Let a(t) = -17*t. What is a(2)?
-34
Let y(g) = -g**3 + 8*g**2 + 20*g - 23. Give y(10).
-23
Let k(z) = -4*z - 31. Determine k(-7).
-3
Let q(a) = -a**2 + 9*a - 1. What is q(9)?
-1
Let o(i) = -i**2 + 10*i - 9. Determine o(11).
-20
Let r(j) = -7*j + 128. Calculate r(19).
-5
Let q(w) = w**3 + 10*w**2 + 10*w + 4. What is q(-9)?
-5
Let t(r) = 11*r + 3. What is t(2)?
25
Let n(j) = 3*j**3 + 5*j**2 - 7*j. What is n(2)?
30
Let p(o) = o**3 - 15*o**2 + 10*o + 38. Calculate p(14).
-18
Let t(q) = q**3 - 3*q**2 - 9*q - 5. Give t(-2).
-7
Let d(f) = -2*f + 34. Calculate d(19).
-4
Let z(p) = -p - 5. What is z(-11)?
6
Let t(p) = -7*p - 84. Determine t(-13).
7
Let a(v) = v**3 + v**2 - 21. Determine a(0).
-21
Let u(h) = h**2 + 3*h. Determine u(-5).
10
Let x(r) = -6*r + 45. What is x(6)?
9
Let k(d) = -3*d**3 + d**2 - 2*d - 3. Give k(-2).
29
Let s(z) = 2*z**2 + 24*z - 26. Determine s(-13).
0
Let n(l) = l**3 - 6*l**2 - 31*l + 27. Give n(9).
-9
Let o(v) = -v**3 + 2*v**2 - 5*v + 4. Calculate o(2).
-6
Let n(b) = 2*b**2 - b - 5. Calculate n(0).
-5
Let w(p) = -2*p**2 - 2. What is w(6)?
-74
Let p(b) = b**2 + 16*b + 21. Calculate p(-15).
6
Let h(y) = -y**2 - 2*y + 12. Calculate h(-4).
4
Let o(r) = -3*r**2 + 42*r + 7. What is o(14)?
7
Let a(v) = 30*v**2 - v + 2. What is a(1)?
31
Let b(w) = 16*w + 5. Calculate b(0).
5
Let w(l) = -l**3 - 22*l**2 + 3*l + 45. Give w(-22).
-21
Let z(p) = -p**3 - 5*p**2 + 3*p + 7. Determine z(-4).
-21
Let d(h) = 4*h - 46. Calculate d(-5).
-66
Let c(y) = y**2 